{"id":181,"date":"2025-05-09T14:27:31","date_gmt":"2025-05-09T13:27:31","guid":{"rendered":"https:\/\/smart-ecoenergy.com\/?page_id=181"},"modified":"2025-05-27T11:18:46","modified_gmt":"2025-05-27T10:18:46","slug":"a-propos","status":"publish","type":"page","link":"https:\/\/smart-ecoenergy.com\/index.php\/a-propos\/","title":{"rendered":"\u00c0 Propos"},"content":{"rendered":"\t\t<div data-elementor-type=\"wp-page\" data-elementor-id=\"181\" class=\"elementor elementor-181\" data-elementor-post-type=\"page\">\n\t\t\t\t<div class=\"elementor-element elementor-element-7998589 e-flex e-con-boxed e-con e-parent\" data-id=\"7998589\" data-element_type=\"container\" data-settings=\"{&quot;background_background&quot;:&quot;classic&quot;}\">\n\t\t\t\t\t<div class=\"e-con-inner\">\n\t\t\t\t<div class=\"elementor-element elementor-element-65d7030 elementor-widget elementor-widget-heading\" data-id=\"65d7030\" data-element_type=\"widget\" data-widget_type=\"heading.default\">\n\t\t\t\t<div class=\"elementor-widget-container\">\n\t\t\t\t\t<h2 class=\"elementor-heading-title elementor-size-default\">\u00c0 Propos de Nous<\/h2>\t\t\t\t<\/div>\n\t\t\t\t<\/div>\n\t\t\t\t<div class=\"elementor-element elementor-element-0c65230 elementor-widget elementor-widget-text-editor\" data-id=\"0c65230\" data-element_type=\"widget\" data-widget_type=\"text-editor.default\">\n\t\t\t\t<div class=\"elementor-widget-container\">\n\t\t\t\t\t\t\t\t\t<p>D\u00e9couvrez notre histoire, nos valeurs et l&rsquo;\u00e9quipe qui fait de Smart Eco Energy un leader dans le domaine des solutions \u00e9lectriques et domotiques.<\/p>\t\t\t\t\t\t\t\t<\/div>\n\t\t\t\t<\/div>\n\t\t\t\t\t<\/div>\n\t\t\t\t<\/div>\n\t\t<div class=\"elementor-element elementor-element-5ded3b3 e-flex e-con-boxed e-con e-parent\" data-id=\"5ded3b3\" data-element_type=\"container\" data-settings=\"{&quot;background_background&quot;:&quot;classic&quot;}\">\n\t\t\t\t\t<div class=\"e-con-inner\">\n\t\t<div class=\"elementor-element elementor-element-0763bb6 e-con-full e-flex e-con e-child\" data-id=\"0763bb6\" data-element_type=\"container\">\n\t\t\t\t<div class=\"elementor-element elementor-element-3675b10 elementor-widget elementor-widget-heading\" data-id=\"3675b10\" data-element_type=\"widget\" data-widget_type=\"heading.default\">\n\t\t\t\t<div class=\"elementor-widget-container\">\n\t\t\t\t\t<h2 class=\"elementor-heading-title elementor-size-default\">Notre Histoire<\/h2>\t\t\t\t<\/div>\n\t\t\t\t<\/div>\n\t\t\t\t<div class=\"elementor-element elementor-element-7811dad elementor-widget elementor-widget-text-editor\" data-id=\"7811dad\" data-element_type=\"widget\" data-widget_type=\"text-editor.default\">\n\t\t\t\t<div class=\"elementor-widget-container\">\n\t\t\t\t\t\t\t\t\t<p class=\"text-gray-600 mt-8 mb-4\" data-lov-id=\"src\/pages\/About.tsx:29:14\" data-lov-name=\"p\" data-component-path=\"src\/pages\/About.tsx\" data-component-line=\"29\" data-component-file=\"About.tsx\" data-component-name=\"p\" data-component-content=\"%7B%22text%22%3A%22Fond%C3%A9e%20avec%20la%20vision%20de%20transformer%20la%20fa%C3%A7on%20dont%20les%20b%C3%A2timents%20sont%20con%C3%A7us%20et%20utilis%C3%A9s%2C%20%5Cn%20%20%20%20%20%20%20%20%20%20%20%20%20%20%20%20Smart%20Eco%20Energy%20est%20n%C3%A9e%20de%20la%20passion%20pour%20l'innovation%20technologique%20et%20le%20d%C3%A9veloppement%20durable.%22%2C%22className%22%3A%22text-gray-600%20mt-8%20mb-4%22%7D\">Fond\u00e9e avec la vision de transformer la fa\u00e7on dont les b\u00e2timents sont con\u00e7us et utilis\u00e9s, Smart Eco Energy est n\u00e9e de la passion pour l&rsquo;innovation technologique et le d\u00e9veloppement durable.<\/p><p class=\"text-gray-600 mb-4\" data-lov-id=\"src\/pages\/About.tsx:33:14\" data-lov-name=\"p\" data-component-path=\"src\/pages\/About.tsx\" data-component-line=\"33\" data-component-file=\"About.tsx\" data-component-name=\"p\" data-component-content=\"%7B%22text%22%3A%22Depuis%20notre%20cr%C3%A9ation%2C%20nous%20nous%20sommes%20sp%C3%A9cialis%C3%A9s%20dans%20l'int%C3%A9gration%20de%20solutions%20%C3%A9lectriques%20%5Cn%20%20%20%20%20%20%20%20%20%20%20%20%20%20%20%20intelligentes%20qui%20optimisent%20l'efficacit%C3%A9%20%C3%A9nerg%C3%A9tique%20tout%20en%20offrant%20un%20confort%20maximal%20aux%20utilisateurs.%22%2C%22className%22%3A%22text-gray-600%20mb-4%22%7D\">Depuis notre cr\u00e9ation, nous nous sommes sp\u00e9cialis\u00e9s dans l&rsquo;int\u00e9gration de solutions \u00e9lectriques intelligentes qui optimisent l&rsquo;efficacit\u00e9 \u00e9nerg\u00e9tique tout en offrant un confort maximal aux utilisateurs.<\/p><p class=\"text-gray-600\" data-lov-id=\"src\/pages\/About.tsx:37:14\" data-lov-name=\"p\" data-component-path=\"src\/pages\/About.tsx\" data-component-line=\"37\" data-component-file=\"About.tsx\" data-component-name=\"p\" data-component-content=\"%7B%22text%22%3A%22Notre%20%C3%A9quipe%2C%20compos%C3%A9e%20d'ing%C3%A9nieurs%20et%20de%20techniciens%20hautement%20qualifi%C3%A9s%2C%20s'engage%20%C3%A0%20fournir%20%5Cn%20%20%20%20%20%20%20%20%20%20%20%20%20%20%20%20des%20services%20d'exception%2C%20personnalis%C3%A9s%20selon%20les%20besoins%20sp%C3%A9cifiques%20de%20chaque%20client.%22%2C%22className%22%3A%22text-gray-600%22%7D\">Notre \u00e9quipe, compos\u00e9e d&rsquo;ing\u00e9nieurs et de techniciens hautement qualifi\u00e9s, s&rsquo;engage \u00e0 fournir des services d&rsquo;exception, personnalis\u00e9s selon les besoins sp\u00e9cifiques de chaque client.<\/p>\t\t\t\t\t\t\t\t<\/div>\n\t\t\t\t<\/div>\n\t\t\t\t<\/div>\n\t\t<div class=\"elementor-element elementor-element-7b0c164 e-con-full e-flex e-con e-child\" data-id=\"7b0c164\" data-element_type=\"container\">\n\t\t\t\t<div class=\"elementor-element elementor-element-862e5c3 elementor-widget elementor-widget-image\" data-id=\"862e5c3\" data-element_type=\"widget\" data-widget_type=\"image.default\">\n\t\t\t\t<div class=\"elementor-widget-container\">\n\t\t\t\t\t\t\t\t\t\t\t\t\t\t\t<img fetchpriority=\"high\" decoding=\"async\" width=\"580\" height=\"365\" src=\"https:\/\/smart-ecoenergy.com\/wp-content\/uploads\/2025\/05\/404-hero-img.webp\" class=\"attachment-large size-large wp-image-214\" alt=\"\" srcset=\"https:\/\/smart-ecoenergy.com\/wp-content\/uploads\/2025\/05\/404-hero-img.webp 960w, https:\/\/smart-ecoenergy.com\/wp-content\/uploads\/2025\/05\/404-hero-img-300x189.webp 300w, https:\/\/smart-ecoenergy.com\/wp-content\/uploads\/2025\/05\/404-hero-img-768x483.webp 768w\" sizes=\"(max-width: 580px) 100vw, 580px\" \/>\t\t\t\t\t\t\t\t\t\t\t\t\t\t\t<\/div>\n\t\t\t\t<\/div>\n\t\t\t\t<\/div>\n\t\t\t\t\t<\/div>\n\t\t\t\t<\/div>\n\t\t<div class=\"elementor-element elementor-element-9a6aefb e-flex e-con-boxed elementor-invisible e-con e-parent\" data-id=\"9a6aefb\" data-element_type=\"container\" data-settings=\"{&quot;background_background&quot;:&quot;classic&quot;,&quot;animation&quot;:&quot;fadeInUp&quot;}\">\n\t\t\t\t\t<div class=\"e-con-inner\">\n\t\t\t\t<div class=\"elementor-element elementor-element-887783d elementor-widget elementor-widget-heading\" data-id=\"887783d\" data-element_type=\"widget\" data-widget_type=\"heading.default\">\n\t\t\t\t<div class=\"elementor-widget-container\">\n\t\t\t\t\t<h2 class=\"elementor-heading-title elementor-size-default\">Nos Valeurs<\/h2>\t\t\t\t<\/div>\n\t\t\t\t<\/div>\n\t\t<div class=\"elementor-element elementor-element-6b340e7 e-con-full e-flex e-con e-child\" data-id=\"6b340e7\" data-element_type=\"container\">\n\t\t<div class=\"elementor-element elementor-element-00feebe e-con-full e-flex e-con e-child\" data-id=\"00feebe\" data-element_type=\"container\" data-settings=\"{&quot;background_background&quot;:&quot;classic&quot;}\">\n\t\t\t\t<div class=\"elementor-element elementor-element-efe7950 elementor-view-default elementor-widget elementor-widget-icon\" data-id=\"efe7950\" data-element_type=\"widget\" data-widget_type=\"icon.default\">\n\t\t\t\t<div class=\"elementor-widget-container\">\n\t\t\t\t\t\t\t<div class=\"elementor-icon-wrapper\">\n\t\t\t<div class=\"elementor-icon\">\n\t\t\t<svg aria-hidden=\"true\" class=\"e-font-icon-svg e-fas-sitemap\" viewBox=\"0 0 640 512\" xmlns=\"http:\/\/www.w3.org\/2000\/svg\"><path d=\"M128 352H32c-17.67 0-32 14.33-32 32v96c0 17.67 14.33 32 32 32h96c17.67 0 32-14.33 32-32v-96c0-17.67-14.33-32-32-32zm-24-80h192v48h48v-48h192v48h48v-57.59c0-21.17-17.23-38.41-38.41-38.41H344v-64h40c17.67 0 32-14.33 32-32V32c0-17.67-14.33-32-32-32H256c-17.67 0-32 14.33-32 32v96c0 17.67 14.33 32 32 32h40v64H94.41C73.23 224 56 241.23 56 262.41V320h48v-48zm264 80h-96c-17.67 0-32 14.33-32 32v96c0 17.67 14.33 32 32 32h96c17.67 0 32-14.33 32-32v-96c0-17.67-14.33-32-32-32zm240 0h-96c-17.67 0-32 14.33-32 32v96c0 17.67 14.33 32 32 32h96c17.67 0 32-14.33 32-32v-96c0-17.67-14.33-32-32-32z\"><\/path><\/svg>\t\t\t<\/div>\n\t\t<\/div>\n\t\t\t\t\t\t<\/div>\n\t\t\t\t<\/div>\n\t\t\t\t<div class=\"elementor-element elementor-element-13964ff elementor-widget elementor-widget-heading\" data-id=\"13964ff\" data-element_type=\"widget\" data-widget_type=\"heading.default\">\n\t\t\t\t<div class=\"elementor-widget-container\">\n\t\t\t\t\t<h2 class=\"elementor-heading-title elementor-size-default\">Excellence<\/h2>\t\t\t\t<\/div>\n\t\t\t\t<\/div>\n\t\t\t\t<div class=\"elementor-element elementor-element-20ebddb elementor-widget elementor-widget-text-editor\" data-id=\"20ebddb\" data-element_type=\"widget\" data-widget_type=\"text-editor.default\">\n\t\t\t\t<div class=\"elementor-widget-container\">\n\t\t\t\t\t\t\t\t\t<p>Nous nous engageons \u00e0 fournir des services et solutions de la plus haute qualit\u00e9, en respectant les normes les plus strictes de l&rsquo;industrie.<\/p>\t\t\t\t\t\t\t\t<\/div>\n\t\t\t\t<\/div>\n\t\t\t\t<\/div>\n\t\t<div class=\"elementor-element elementor-element-6e6286a e-con-full e-flex e-con e-child\" data-id=\"6e6286a\" data-element_type=\"container\" data-settings=\"{&quot;background_background&quot;:&quot;classic&quot;}\">\n\t\t\t\t<div class=\"elementor-element elementor-element-e992592 elementor-view-default elementor-widget elementor-widget-icon\" data-id=\"e992592\" data-element_type=\"widget\" data-widget_type=\"icon.default\">\n\t\t\t\t<div class=\"elementor-widget-container\">\n\t\t\t\t\t\t\t<div class=\"elementor-icon-wrapper\">\n\t\t\t<div class=\"elementor-icon\">\n\t\t\t<svg aria-hidden=\"true\" class=\"e-font-icon-svg e-fas-server\" viewBox=\"0 0 512 512\" xmlns=\"http:\/\/www.w3.org\/2000\/svg\"><path d=\"M480 160H32c-17.673 0-32-14.327-32-32V64c0-17.673 14.327-32 32-32h448c17.673 0 32 14.327 32 32v64c0 17.673-14.327 32-32 32zm-48-88c-13.255 0-24 10.745-24 24s10.745 24 24 24 24-10.745 24-24-10.745-24-24-24zm-64 0c-13.255 0-24 10.745-24 24s10.745 24 24 24 24-10.745 24-24-10.745-24-24-24zm112 248H32c-17.673 0-32-14.327-32-32v-64c0-17.673 14.327-32 32-32h448c17.673 0 32 14.327 32 32v64c0 17.673-14.327 32-32 32zm-48-88c-13.255 0-24 10.745-24 24s10.745 24 24 24 24-10.745 24-24-10.745-24-24-24zm-64 0c-13.255 0-24 10.745-24 24s10.745 24 24 24 24-10.745 24-24-10.745-24-24-24zm112 248H32c-17.673 0-32-14.327-32-32v-64c0-17.673 14.327-32 32-32h448c17.673 0 32 14.327 32 32v64c0 17.673-14.327 32-32 32zm-48-88c-13.255 0-24 10.745-24 24s10.745 24 24 24 24-10.745 24-24-10.745-24-24-24zm-64 0c-13.255 0-24 10.745-24 24s10.745 24 24 24 24-10.745 24-24-10.745-24-24-24z\"><\/path><\/svg>\t\t\t<\/div>\n\t\t<\/div>\n\t\t\t\t\t\t<\/div>\n\t\t\t\t<\/div>\n\t\t\t\t<div class=\"elementor-element elementor-element-3958317 elementor-widget elementor-widget-heading\" data-id=\"3958317\" data-element_type=\"widget\" data-widget_type=\"heading.default\">\n\t\t\t\t<div class=\"elementor-widget-container\">\n\t\t\t\t\t<h2 class=\"elementor-heading-title elementor-size-default\">Innovation<\/h2>\t\t\t\t<\/div>\n\t\t\t\t<\/div>\n\t\t\t\t<div class=\"elementor-element elementor-element-c1c342b elementor-widget elementor-widget-text-editor\" data-id=\"c1c342b\" data-element_type=\"widget\" data-widget_type=\"text-editor.default\">\n\t\t\t\t<div class=\"elementor-widget-container\">\n\t\t\t\t\t\t\t\t\t<p>Nous nous engageons \u00e0 fournir des services et solutions de la plus haute qualit\u00e9, en respectant les normes les plus strictes de l&rsquo;industrie.<\/p>\t\t\t\t\t\t\t\t<\/div>\n\t\t\t\t<\/div>\n\t\t\t\t<\/div>\n\t\t<div class=\"elementor-element elementor-element-eabebe6 e-con-full e-flex e-con e-child\" data-id=\"eabebe6\" data-element_type=\"container\" data-settings=\"{&quot;background_background&quot;:&quot;classic&quot;}\">\n\t\t\t\t<div class=\"elementor-element elementor-element-45d17cb elementor-view-default elementor-widget elementor-widget-icon\" data-id=\"45d17cb\" data-element_type=\"widget\" data-widget_type=\"icon.default\">\n\t\t\t\t<div class=\"elementor-widget-container\">\n\t\t\t\t\t\t\t<div class=\"elementor-icon-wrapper\">\n\t\t\t<div class=\"elementor-icon\">\n\t\t\t<svg aria-hidden=\"true\" class=\"e-font-icon-svg e-fas-home\" viewBox=\"0 0 576 512\" xmlns=\"http:\/\/www.w3.org\/2000\/svg\"><path d=\"M280.37 148.26L96 300.11V464a16 16 0 0 0 16 16l112.06-.29a16 16 0 0 0 15.92-16V368a16 16 0 0 1 16-16h64a16 16 0 0 1 16 16v95.64a16 16 0 0 0 16 16.05L464 480a16 16 0 0 0 16-16V300L295.67 148.26a12.19 12.19 0 0 0-15.3 0zM571.6 251.47L488 182.56V44.05a12 12 0 0 0-12-12h-56a12 12 0 0 0-12 12v72.61L318.47 43a48 48 0 0 0-61 0L4.34 251.47a12 12 0 0 0-1.6 16.9l25.5 31A12 12 0 0 0 45.15 301l235.22-193.74a12.19 12.19 0 0 1 15.3 0L530.9 301a12 12 0 0 0 16.9-1.6l25.5-31a12 12 0 0 0-1.7-16.93z\"><\/path><\/svg>\t\t\t<\/div>\n\t\t<\/div>\n\t\t\t\t\t\t<\/div>\n\t\t\t\t<\/div>\n\t\t\t\t<div class=\"elementor-element elementor-element-7da1c1a elementor-widget elementor-widget-heading\" data-id=\"7da1c1a\" data-element_type=\"widget\" data-widget_type=\"heading.default\">\n\t\t\t\t<div class=\"elementor-widget-container\">\n\t\t\t\t\t<h2 class=\"elementor-heading-title elementor-size-default\">Collaboration<\/h2>\t\t\t\t<\/div>\n\t\t\t\t<\/div>\n\t\t\t\t<div class=\"elementor-element elementor-element-b19fd31 elementor-widget elementor-widget-text-editor\" data-id=\"b19fd31\" data-element_type=\"widget\" data-widget_type=\"text-editor.default\">\n\t\t\t\t<div class=\"elementor-widget-container\">\n\t\t\t\t\t\t\t\t\t<p>Nous croyons au pouvoir du travail d&rsquo;\u00e9quipe et de la collaboration avec nos clients et partenaires pour cr\u00e9er des solutions qui d\u00e9passent les attentes.<\/p>\t\t\t\t\t\t\t\t<\/div>\n\t\t\t\t<\/div>\n\t\t\t\t<\/div>\n\t\t\t\t<\/div>\n\t\t\t\t\t<\/div>\n\t\t\t\t<\/div>\n\t\t<div class=\"elementor-element elementor-element-f68fb1e e-flex e-con-boxed e-con e-parent\" data-id=\"f68fb1e\" data-element_type=\"container\" data-settings=\"{&quot;background_background&quot;:&quot;classic&quot;,&quot;background_motion_fx_motion_fx_mouse&quot;:&quot;yes&quot;}\">\n\t\t\t\t\t<div class=\"e-con-inner\">\n\t\t\t\t<div class=\"elementor-element elementor-element-96bd3f0 elementor-widget elementor-widget-heading\" data-id=\"96bd3f0\" data-element_type=\"widget\" data-widget_type=\"heading.default\">\n\t\t\t\t<div class=\"elementor-widget-container\">\n\t\t\t\t\t<h2 class=\"elementor-heading-title elementor-size-default\">Notre \u00c9quipe<\/h2>\t\t\t\t<\/div>\n\t\t\t\t<\/div>\n\t\t<div class=\"elementor-element elementor-element-70b1703 e-con-full e-flex e-con e-child\" data-id=\"70b1703\" data-element_type=\"container\">\n\t\t<div class=\"elementor-element elementor-element-6330563 e-con-full e-flex e-con e-child\" data-id=\"6330563\" data-element_type=\"container\">\n\t\t\t\t<div class=\"elementor-element elementor-element-a00df08 elementor-widget elementor-widget-text-editor\" data-id=\"a00df08\" data-element_type=\"widget\" data-widget_type=\"text-editor.default\">\n\t\t\t\t<div class=\"elementor-widget-container\">\n\t\t\t\t\t\t\t\t\t<p data-start=\"144\" data-end=\"543\"><strong data-start=\"149\" data-end=\"169\">Smart Eco Energy<\/strong>\u00a0rassemble des <strong data-start=\"358\" data-end=\"372\">ing\u00e9nieurs<\/strong>, <strong data-start=\"374\" data-end=\"389\">techniciens<\/strong> et <strong data-start=\"393\" data-end=\"430\">experts <\/strong>unis par une vision : concevoir un avenir plus intelligent, plus \u00e9conome et plus respectueux de l\u2019environnement.<\/p>\t\t\t\t\t\t\t\t<\/div>\n\t\t\t\t<\/div>\n\t\t\t\t<\/div>\n\t\t<div class=\"elementor-element elementor-element-7e6694d e-con-full e-flex e-con e-child\" data-id=\"7e6694d\" data-element_type=\"container\">\n\t\t\t\t<div class=\"elementor-element elementor-element-2b1a959 elementor-view-default elementor-widget elementor-widget-icon\" data-id=\"2b1a959\" data-element_type=\"widget\" data-widget_type=\"icon.default\">\n\t\t\t\t<div class=\"elementor-widget-container\">\n\t\t\t\t\t\t\t<div class=\"elementor-icon-wrapper\">\n\t\t\t<div class=\"elementor-icon\">\n\t\t\t<svg aria-hidden=\"true\" class=\"e-font-icon-svg e-fas-tree\" viewBox=\"0 0 384 512\" xmlns=\"http:\/\/www.w3.org\/2000\/svg\"><path d=\"M378.31 378.49L298.42 288h30.63c9.01 0 16.98-5 20.78-13.06 3.8-8.04 2.55-17.26-3.28-24.05L268.42 160h28.89c9.1 0 17.3-5.35 20.86-13.61 3.52-8.13 1.86-17.59-4.24-24.08L203.66 4.83c-6.03-6.45-17.28-6.45-23.32 0L70.06 122.31c-6.1 6.49-7.75 15.95-4.24 24.08C69.38 154.65 77.59 160 86.69 160h28.89l-78.14 90.91c-5.81 6.78-7.06 15.99-3.27 24.04C37.97 283 45.93 288 54.95 288h30.63L5.69 378.49c-6 6.79-7.36 16.09-3.56 24.26 3.75 8.05 12 13.25 21.01 13.25H160v24.45l-30.29 48.4c-5.32 10.64 2.42 23.16 14.31 23.16h95.96c11.89 0 19.63-12.52 14.31-23.16L224 440.45V416h136.86c9.01 0 17.26-5.2 21.01-13.25 3.8-8.17 2.44-17.47-3.56-24.26z\"><\/path><\/svg>\t\t\t<\/div>\n\t\t<\/div>\n\t\t\t\t\t\t<\/div>\n\t\t\t\t<\/div>\n\t\t\t\t<\/div>\n\t\t\t\t<\/div>\n\t\t<div class=\"elementor-element elementor-element-7f9e54c e-con-full e-flex e-con e-child\" data-id=\"7f9e54c\" data-element_type=\"container\">\n\t\t<div class=\"elementor-element elementor-element-66b7114 e-con-full e-flex e-con e-child\" data-id=\"66b7114\" data-element_type=\"container\">\n\t\t\t\t<div class=\"elementor-element elementor-element-a9eac66 elementor-view-default elementor-widget elementor-widget-icon\" data-id=\"a9eac66\" data-element_type=\"widget\" data-widget_type=\"icon.default\">\n\t\t\t\t<div class=\"elementor-widget-container\">\n\t\t\t\t\t\t\t<div class=\"elementor-icon-wrapper\">\n\t\t\t<div class=\"elementor-icon\">\n\t\t\t<svg aria-hidden=\"true\" class=\"e-font-icon-svg e-fab-pagelines\" viewBox=\"0 0 384 512\" xmlns=\"http:\/\/www.w3.org\/2000\/svg\"><path d=\"M384 312.7c-55.1 136.7-187.1 54-187.1 54-40.5 81.8-107.4 134.4-184.6 134.7-16.1 0-16.6-24.4 0-24.4 64.4-.3 120.5-42.7 157.2-110.1-41.1 15.9-118.6 27.9-161.6-82.2 109-44.9 159.1 11.2 178.3 45.5 9.9-24.4 17-50.9 21.6-79.7 0 0-139.7 21.9-149.5-98.1 119.1-47.9 152.6 76.7 152.6 76.7 1.6-16.7 3.3-52.6 3.3-53.4 0 0-106.3-73.7-38.1-165.2 124.6 43 61.4 162.4 61.4 162.4.5 1.6.5 23.8 0 33.4 0 0 45.2-89 136.4-57.5-4.2 134-141.9 106.4-141.9 106.4-4.4 27.4-11.2 53.4-20 77.5 0 0 83-91.8 172-20z\"><\/path><\/svg>\t\t\t<\/div>\n\t\t<\/div>\n\t\t\t\t\t\t<\/div>\n\t\t\t\t<\/div>\n\t\t\t\t<\/div>\n\t\t<div class=\"elementor-element elementor-element-48b86af e-con-full e-flex e-con e-child\" data-id=\"48b86af\" data-element_type=\"container\">\n\t\t\t\t<div class=\"elementor-element elementor-element-8af8917 elementor-widget elementor-widget-text-editor\" data-id=\"8af8917\" data-element_type=\"widget\" data-widget_type=\"text-editor.default\">\n\t\t\t\t<div class=\"elementor-widget-container\">\n\t\t\t\t\t\t\t\t\t<p data-start=\"144\" data-end=\"543\"><strong data-start=\"149\" data-end=\"169\">Smart Eco Energy<\/strong>\u00a0a\u00a0su b\u00e2tir une \u00e9quipe multidisciplinaire, anim\u00e9e par l\u2019excellence, la rigueur et la recherche permanente de solutions sur mesure.<\/p>\t\t\t\t\t\t\t\t<\/div>\n\t\t\t\t<\/div>\n\t\t\t\t<\/div>\n\t\t\t\t<\/div>\n\t\t<div class=\"elementor-element elementor-element-9c9569d e-con-full e-flex e-con e-child\" data-id=\"9c9569d\" data-element_type=\"container\">\n\t\t<div class=\"elementor-element elementor-element-dbbdce2 e-con-full e-flex e-con e-child\" data-id=\"dbbdce2\" data-element_type=\"container\">\n\t\t\t\t<div class=\"elementor-element elementor-element-909235a elementor-widget elementor-widget-text-editor\" data-id=\"909235a\" data-element_type=\"widget\" data-widget_type=\"text-editor.default\">\n\t\t\t\t<div class=\"elementor-widget-container\">\n\t\t\t\t\t\t\t\t\t<p data-start=\"545\" data-end=\"896\">Chaque membre de notre \u00e9quipe contribue, par ses comp\u00e9tences et son savoir-faire, \u00e0 offrir des <strong data-start=\"802\" data-end=\"841\">solutions \u00e9lectriques intelligentes<\/strong> qui allient performance, fiabilit\u00e9 et confort optimal.<\/p>\t\t\t\t\t\t\t\t<\/div>\n\t\t\t\t<\/div>\n\t\t\t\t<\/div>\n\t\t<div class=\"elementor-element elementor-element-e4043b5 e-con-full e-flex e-con e-child\" data-id=\"e4043b5\" data-element_type=\"container\">\n\t\t\t\t<div class=\"elementor-element elementor-element-34d892e elementor-view-default elementor-widget elementor-widget-icon\" data-id=\"34d892e\" data-element_type=\"widget\" data-widget_type=\"icon.default\">\n\t\t\t\t<div class=\"elementor-widget-container\">\n\t\t\t\t\t\t\t<div class=\"elementor-icon-wrapper\">\n\t\t\t<div class=\"elementor-icon\">\n\t\t\t<svg aria-hidden=\"true\" class=\"e-font-icon-svg e-far-lightbulb\" viewBox=\"0 0 352 512\" xmlns=\"http:\/\/www.w3.org\/2000\/svg\"><path d=\"M176 80c-52.94 0-96 43.06-96 96 0 8.84 7.16 16 16 16s16-7.16 16-16c0-35.3 28.72-64 64-64 8.84 0 16-7.16 16-16s-7.16-16-16-16zM96.06 459.17c0 3.15.93 6.22 2.68 8.84l24.51 36.84c2.97 4.46 7.97 7.14 13.32 7.14h78.85c5.36 0 10.36-2.68 13.32-7.14l24.51-36.84c1.74-2.62 2.67-5.7 2.68-8.84l.05-43.18H96.02l.04 43.18zM176 0C73.72 0 0 82.97 0 176c0 44.37 16.45 84.85 43.56 115.78 16.64 18.99 42.74 58.8 52.42 92.16v.06h48v-.12c-.01-4.77-.72-9.51-2.15-14.07-5.59-17.81-22.82-64.77-62.17-109.67-20.54-23.43-31.52-53.15-31.61-84.14-.2-73.64 59.67-128 127.95-128 70.58 0 128 57.42 128 128 0 30.97-11.24 60.85-31.65 84.14-39.11 44.61-56.42 91.47-62.1 109.46a47.507 47.507 0 0 0-2.22 14.3v.1h48v-.05c9.68-33.37 35.78-73.18 52.42-92.16C335.55 260.85 352 220.37 352 176 352 78.8 273.2 0 176 0z\"><\/path><\/svg>\t\t\t<\/div>\n\t\t<\/div>\n\t\t\t\t\t\t<\/div>\n\t\t\t\t<\/div>\n\t\t\t\t<\/div>\n\t\t\t\t<\/div>\n\t\t\t\t\t<\/div>\n\t\t\t\t<\/div>\n\t\t\t\t<\/div>\n\t\t","protected":false},"excerpt":{"rendered":"<p>\u00c0 Propos de Nous D\u00e9couvrez notre histoire, nos valeurs et l&rsquo;\u00e9quipe qui fait de Smart Eco Energy un leader dans le domaine des solutions \u00e9lectriques et domotiques. Notre Histoire Fond\u00e9e avec la vision de transformer la fa\u00e7on dont les b\u00e2timents sont con\u00e7us et utilis\u00e9s, Smart Eco Energy est n\u00e9e de la passion pour l&rsquo;innovation technologique [&hellip;]<\/p>\n","protected":false},"author":1,"featured_media":0,"parent":0,"menu_order":0,"comment_status":"closed","ping_status":"closed","template":"","meta":{"footnotes":""},"class_list":["post-181","page","type-page","status-publish","hentry"],"_links":{"self":[{"href":"https:\/\/smart-ecoenergy.com\/index.php\/wp-json\/wp\/v2\/pages\/181","targetHints":{"allow":["GET"]}}],"collection":[{"href":"https:\/\/smart-ecoenergy.com\/index.php\/wp-json\/wp\/v2\/pages"}],"about":[{"href":"https:\/\/smart-ecoenergy.com\/index.php\/wp-json\/wp\/v2\/types\/page"}],"author":[{"embeddable":true,"href":"https:\/\/smart-ecoenergy.com\/index.php\/wp-json\/wp\/v2\/users\/1"}],"replies":[{"embeddable":true,"href":"https:\/\/smart-ecoenergy.com\/index.php\/wp-json\/wp\/v2\/comments?post=181"}],"version-history":[{"count":85,"href":"https:\/\/smart-ecoenergy.com\/index.php\/wp-json\/wp\/v2\/pages\/181\/revisions"}],"predecessor-version":[{"id":1443,"href":"https:\/\/smart-ecoenergy.com\/index.php\/wp-json\/wp\/v2\/pages\/181\/revisions\/1443"}],"wp:attachment":[{"href":"https:\/\/smart-ecoenergy.com\/index.php\/wp-json\/wp\/v2\/media?parent=181"}],"curies":[{"name":"wp","href":"https:\/\/api.w.org\/{rel}","templated":true}]}}